t c(l) = 2*l**3 - l**2 - 1. Let p be c(3). Let b = 50 - p. Suppose 4*d - 3*r - 26 = -r, -b = 2*r. List the prime factors of d.
5
List the prime factors of ((-1148)/70 + 14)*(0 - 1580).
2, 3, 79
Let t = 179 + -175. Suppose 0 = -k + t*q + 333, -3*q - 654 = -2*k + 2*q. List the prime factors of k.
317
Let p(z) = -150*z - 205. Let a(h) = -25*h - 34. Let x(o) = -34*a(o) + 6*p(o). List the prime factors of x(-9).
2, 47
Suppose 191*m - 131041 = 1399251. List the prime factors of m.
2, 2003
Suppose 26*h - 21*h = 230. Let n = h - 43. Suppose -n*w = -w - 300. What are the prime factors of w?
2, 3, 5
Let q(y) = 313*y**2 + 37*y + 16. What are the prime factors of q(-10)?
2, 15473
Suppose -6*m = 51 - 3. Let i be (-506)/m + (3/(-12))/1. Suppose 10 = i*v - 61*v. What are the prime factors of v?
5
List the prime factors of (40988 - (-20 + 14))/(1 + 1).
103, 199
Let b(z) = z**3 + 9*z**2 + 6*z + 5. Let s be b(-8). Let n = 392 - 406. Let d = n + s. What are the prime factors of d?
7
Let o(l) = 336*l**2 - l + 1. Let v be o(-1). Let w = -78 + v. What are the prime factors of w?
2, 5, 13
Suppose -83017 = 67*x - 78*x. List the prime factors of x.
7547
List the prime factors of ((-40)/(-2))/4*(1262 + -3).
5, 1259
Let z(s) = -s**3 - 6*s**2 - 4*s + 6. Let n be z(-5). List the prime factors of (n - -3)*2235/60.
149
Suppose 60*q = 62*q - 64. Suppose -4*i = -3*j - 4378, q*i - 28*i - j - 4382 = 0. What are the prime factors of i?
2, 137
Let t = -40 - -44. Suppose -3*x - 17 = w, w - 6*w + t*x = -10. List the prime factors of ((-204)/14)/(w/14 + 0).
2, 3, 17
Suppose 21 = -n + 23. Suppose -3*f - 15 = -6*f, 4*f = n*x - 76. Suppose 7*r - 6*r - x = 0. List the prime factors of r.
2, 3
Suppose 0 = -51*t - 490742 + 1988969. What are the prime factors of t?
29, 1013
Suppose -232 = 7*l - 197. Let j(a) = -6*a**3 - a**2 + 6*a - 5. List the prime factors of j(l).
2, 3, 5, 23
Suppose -35 = -5*k + 5*n, 2*k - 6 = -n - n. Suppose -651 - 974 = -k*h. Suppose -g + 30 = 2*a - 185, 0 = -3*a + g + h. List the prime factors of a.
2, 3
Let h(o) = o**2 + 13*o + 10. Let v be h(-5). Let b = 144 - v. What are the prime factors of b?
2, 3, 29
What are the prime factors of (-3420)/345 + 10 - (-2943741)/69?
3, 14221
Suppose 5*a - 44268 = -3*o, 0 = 91*o - 92*o - 5*a + 14776. List the prime factors of o.
2, 73, 101
Let q(x) = -6*x - 53. Let k(n) = 12*n + 105. Let a(r) = 2*k(r) + 5*q(r). Let o(m) = 15*m + 138. Let l(p) = -12*a(p) - 5*o(p). List the prime factors of l(-20).
2, 3, 5
Suppose 9*p + p = 30*p - 238480. What are the prime factors of p?
2, 11, 271
Let j be -3 - -1 - (-12)/6. Suppose j = 6*t - 4*t - 730. Suppose 15*y - 10*y = t. What are the prime factors of y?
73
Let s(x) = -28*x - 4. Let t be s(4). Let v = 124 + t. Suppose 2*o = -2*o + v. What are the prime factors of o?
2
Let g(q) = 188*q**2 - 40*q - 97. Let l(a) = -63*a**2 + 13*a + 32. Let s(p) = 3*g(p) + 8*l(p). What are the prime factors of s(-4)?
23, 43
What are the prime factors of (-310125)/(-135) + (-16)/72?
2297
Suppose -3*d + 4*d = 25. Suppose 0 = -3*q + 8*q - d. Suppose -q*f + 25 = -160. List the prime factors of f.
37
Suppose -83 - 16 = -11*q. Let p be (-132)/q + 2/(-6). What are the prime factors of (-15 - p) + 53 + 1?
2, 3
Let l = 19 + -19. Suppose l = -2*t - 6*t - 936. List the prime factors of 8*(-5 - t/12).
2, 19
Suppose 4*a + 3*r = -r + 34188, 0 = 3*a - 2*r - 25616. What are the prime factors of a?
2, 4271
Suppose -142*i + 3572982 - 194955 + 316671 = 0. List the prime factors of i.
3, 7, 59
Let b = 19715 - -201. List the prime factors of b.
2, 13, 383
Let q = -339 - -335. Let z(w) = 3*w**2 - 30*w - 4. What are the prime factors of z(q)?
2, 41
Suppose 0 = 625*r - 615*r - 69510. What are the prime factors of r?
3, 7, 331
Let h = 600 + -503. Suppose -o + 379 = -h. What are the prime factors of o?
2, 7, 17
Suppose -18*d - 2*m + 32922 = 0, 0 = 3*d - m - 2635 - 2852. List the prime factors of d.
31, 59
Suppose 53*s + 5*s = -86378 + 1069942. What are the prime factors of s?
2, 61, 139
Suppose 8430*g - 588280 = 8390*g. What are the prime factors of g?
7, 11, 191
Suppose -172610 = -24*g + 43846. What are the prime factors of g?
29, 311
Let u(r) be the second derivative of r**4/12 + 2*r**3/3 - 111*r**2 + 29*r. Let f be u(0). What are the prime factors of (f/(-10))/(9/45)?
3, 37
Let y be 124/(-6)*(-20)/(240/18). Suppose y*u = 53*u - 36476. What are the prime factors of u?
2, 829
Suppose 12 + 0 = -6*z. List the prime factors of 1339 + (z - (-8 + 5)).
2, 5, 67
Let i(d) = -d**2 - 3*d - 2. Let m be i(-1). Suppose -2*s - 29 + 27 = m. List the prime factors of s*1 - 50/5*-6.
59
Let l = -4 + 9. Suppose -19557*y = -19554*y - 882. Suppose -3*j = -0*a - 3*a + y, -a - l*j + 68 = 0. List the prime factors of a.
3, 31
Let p be ((-56)/(-12))/((-14)/(-42)). Let q = 4 + -1. Suppose -p*w + 3876 = q*w. What are the prime factors of w?
2, 3, 19
Suppose 1 = -l + 4. Let r = -336 + 341. Suppose -g = -3*g, 0 = r*d - l*g - 60. What are the prime factors of d?
2, 3
Suppose 4*b = -3*n + 2*b - 51, 0 = -4*n + 4*b - 48. List the prime factors of (n + 17)/(2/260).
2, 5, 13
Suppose c - 4091 = -768. Suppose 0 = -6*r + c + 367. Suppose 0 = -5*j + 2*j + r. What are the prime factors of j?
5, 41
Let u = -166 - -195. Suppose 3*m + 18512 = u*m. What are the prime factors of m?
2, 89
Suppose 3*t + t + 16 = -2*d, 0 = -5*d + 5*t + 20. Suppose z - 16 - 88 = d. What are the prime factors of ((-12)/(-8))/(6/z)?
2, 13
What are the prime factors of 6421226/292 + 9/2?
5, 53, 83
Suppose 6*a - 13307 = 5*a + 5*n, -6*n + 40047 = 3*a. What are the prime factors of a?
13337
Let d be (-35 - -35) + (-3661)/(-1). Let n = d + -1844. What are the prime factors of n?
23, 79
Suppose 3*g - 27549 = -2*k - 0*g, -5*g - 55087 = -4*k. List the prime factors of k.
3, 4591
Let p = -830 - -895. Suppose -2849 = -2*r - 3*t, 64*r = p*r + 5*t - 1421. What are the prime factors of r?
2, 23, 31
Suppose 37*l - 96095 = 56271. List the prime factors of l.
2, 29, 71
Let b(f) = -298*f - 35. Let j be 6 - 7 - 4/(4 + 0). List the prime factors of b(j).
3, 11, 17
Suppose -2*d - 2*d = -0*d. Suppose 5*l - 2775 = -6*u + 5*u, d = u. What are the prime factors of l?
3, 5, 37
Suppose 533*o - 103516 - 255122 = 526*o. What are the prime factors of o?
2, 3, 8539
Suppose 28*z - 79*z = -255. Suppose -z*r + 3100 = -2465. List the prime factors of r.
3, 7, 53
Let m(k) = 4*k - 18. Let g = 25 + -21. Let b be m(g). What are the prime factors of b/5 - (4 - 660/25)?
2, 11
Let w be ((-3)/(-1))/(3/359). Let h be 2 + (-8)/5 - 29203/145. Let l = w + h. List the prime factors of l.
2, 79
Let y = -54 + 152. Let o = -61 + y. Let f = o + 5. What are the prime factors of f?
2, 3, 7
Let z(v) = -2*v**3 - 22*v**2 - 61*v - 3. Let h be z(-15). Suppose h = -604*b + 607*b. What are the prime factors of b?
2, 113
Suppose 130*m = -49*m + 57*m + 2052894. List the prime factors of m.
3, 71, 79
Suppose -19*u + 61*u + 11930 = 448352. List the prime factors of u.
10391
Let q(m) = 11*m**2 + 3*m + 8. Let z be 2*7/(-6) + 144/(-216). What are the prime factors of q(z)?
2, 7
Let g be 36 - 44 - (-19 - 1). What are the prime factors of 30/8*g/(-18)*-562?
5, 281
Let o be (-11 - -12)*-274*2/(-2). Suppose -3*x = 3*h - 1418 - o, 0 = 5*h + 4*x - 2817. What are the prime factors of h?
3, 11, 17
Let q be ((-24)/14)/((-24)/252). Suppose 0 = -44*b - q*b + 100626. List the prime factors of b.
3, 541
Let s = -856 - -651. Let l = -298 + 178. Let u = l - s. List the prime factors of u.
5, 17
Suppose 0 = -13*m + 11*m + 4*g - 10, g = 2*m + 10. List the prime factors of (8 - 4) + m + 145.
2, 3
Let c = -14141 + 26719. What are the prime factors of c?
2, 19, 331
Let d be 8/6 - 89/(-3). Let t = 408 - d. List the prime factors of t.
13, 29
Let f(b) = -7*b - 6. Let a(n) = 11*n + 9. Let r(y) = -5*a(y) - 8*f(y). Let v be r(8). Suppose -v*z + 3 = -10*z. List the prime factors of z.
3
Let f = 3103 - -1869. List the prime factors of f.
2, 11, 113
What are the prime factors of (-9 + (-979)/33)*(-6)/(-4)*-149?
2, 29, 149
Let h be (36/21)/((-33)/7 + 5). Suppose 3*c - 2664 = -3*i, 4*c - h*i = -9*i + 3556. What are the prime factors of c?
2, 223
Let y = -39473 - -61027. What are the prime factors of y?
2, 13, 829
Suppose -2*l = -18*l + 96. Let o = 141 - l. List the prime factors of o.
3, 5
Let 